{"id":691,"date":"2021-08-07T22:50:48","date_gmt":"2021-08-07T20:50:48","guid":{"rendered":"http:\/\/musiquesuzuki-lyon-est.fr\/?page_id=691"},"modified":"2021-08-19T15:07:22","modified_gmt":"2021-08-19T13:07:22","slug":"historique-france","status":"publish","type":"page","link":"https:\/\/musiquesuzuki-lyon-est.fr\/index.php\/historique-france\/","title":{"rendered":"Historique : France"},"content":{"rendered":"\n<h2 class=\"wp-block-heading\"><strong>Historique de la M\u00e9thode Suzuki en France<\/strong><\/h2>\n\n\n\n<p>Si la p\u00e9dagogie Suzuki a \u00e9t\u00e9 invent\u00e9 au Japon par S. Suzuki dans les ann\u00e9es 50, c\u2019est gr\u00e2ce \u00e0 Judy et Christophe Bossuat que cette p\u00e9dagogie est arriv\u00e9e en France en 1978.<\/p>\n\n\n\n<p>En effet Judy et Christophe Bossuat, apr\u00e8s avoir obtenu leur dipl\u00f4me d\u2019enseignement de la m\u00e9thode Suzuki au Japon, arrivent \u00e0 Lyon et cr\u00e9ent le premier Institut musical Suzuki en France. Ils ont rapidement beaucoup de succ\u00e8s avec cette m\u00e9thode tr\u00e8s novatrice et suscitent en grand engouement.&nbsp;<\/p>\n\n\n\n<p>A leur suite de nouveaux professeurs se sont form\u00e9s d\u2019abord au Japon puis aupr\u00e8s de Christophe Bossuat qui devient rapidement formateur pour la m\u00e9thode Suzuki en France et en Europe.<\/p>\n\n\n\n<p>Afin que cette m\u00e9thode puisse se d\u00e9velopper dans les meilleures conditions de qualit\u00e9 et de respect p\u00e9dagogique, un organigramme \u00e0 l\u2019\u00e9chelle europ\u00e9en et mondiale s\u2019est mis en place.<\/p>\n","protected":false},"excerpt":{"rendered":"<p>Historique de la M\u00e9thode Suzuki en France Si la p\u00e9dagogie Suzuki a \u00e9t\u00e9 invent\u00e9 au Japon par S. Suzuki dans les ann\u00e9es [&hellip;]<\/p>\n","protected":false},"author":1,"featured_media":0,"parent":0,"menu_order":0,"comment_status":"closed","ping_status":"closed","template":"elementor_header_footer","meta":{"footnotes":""},"class_list":["post-691","page","type-page","status-publish","hentry"],"aioseo_notices":[],"_links":{"self":[{"href":"https:\/\/musiquesuzuki-lyon-est.fr\/index.php\/wp-json\/wp\/v2\/pages\/691","targetHints":{"allow":["GET"]}}],"collection":[{"href":"https:\/\/musiquesuzuki-lyon-est.fr\/index.php\/wp-json\/wp\/v2\/pages"}],"about":[{"href":"https:\/\/musiquesuzuki-lyon-est.fr\/index.php\/wp-json\/wp\/v2\/types\/page"}],"author":[{"embeddable":true,"href":"https:\/\/musiquesuzuki-lyon-est.fr\/index.php\/wp-json\/wp\/v2\/users\/1"}],"replies":[{"embeddable":true,"href":"https:\/\/musiquesuzuki-lyon-est.fr\/index.php\/wp-json\/wp\/v2\/comments?post=691"}],"version-history":[{"count":2,"href":"https:\/\/musiquesuzuki-lyon-est.fr\/index.php\/wp-json\/wp\/v2\/pages\/691\/revisions"}],"predecessor-version":[{"id":939,"href":"https:\/\/musiquesuzuki-lyon-est.fr\/index.php\/wp-json\/wp\/v2\/pages\/691\/revisions\/939"}],"wp:attachment":[{"href":"https:\/\/musiquesuzuki-lyon-est.fr\/index.php\/wp-json\/wp\/v2\/media?parent=691"}],"curies":[{"name":"wp","href":"https:\/\/api.w.org\/{rel}","templated":true}]}}