{"id":693,"date":"2021-08-07T22:50:55","date_gmt":"2021-08-07T20:50:55","guid":{"rendered":"http:\/\/musiquesuzuki-lyon-est.fr\/?page_id=693"},"modified":"2021-08-19T15:08:44","modified_gmt":"2021-08-19T13:08:44","slug":"le-reseau-suzuki-afps-esa-isa","status":"publish","type":"page","link":"https:\/\/musiquesuzuki-lyon-est.fr\/index.php\/le-reseau-suzuki-afps-esa-isa\/","title":{"rendered":"Le r\u00e9seau Suzuki : AFPS, ESA, ISA"},"content":{"rendered":"\n<h2 class=\"wp-block-heading\"><strong>Le r\u00e9seau de la p\u00e9dagogie Suzuki\u00a0<\/strong><\/h2>\n\n\n\n<p>Lorsque vous choisissez pour votre enfant la p\u00e9dagogie Suzuki, vous faites partie d\u2019un grand mouvement mondial.<\/p>\n\n\n\n<p>En effet gr\u00e2ce \u00e0 votre cotisation \u00e0 l\u2019Association Fran\u00e7aise de p\u00e9dagogie Suzuki (AFPS), vous \u00eates reli\u00e9s \u00e0 un r\u00e9seau d\u2019associations&nbsp;: ESA et ISA.<\/p>\n\n\n\n<p>L&rsquo;International Suzuki Association (ISA) est la structure qui coordonne les associations continentales. \u00c0 l&rsquo;heure actuelle, cinq associations continentales dont l\u2019European Suzuki Association (ESA) ont obtenu une licence de l&rsquo;Association Internationale Suzuki. Chaque association continentale a les m\u00eames objectifs que l\u2019ISA : <em>encourager, promouvoir, \u00e9largir et coordonner la m\u00e9thode Suzuki dans leur r\u00e9gion, et maintenir les plus hauts niveaux d&rsquo;enseignement<\/em>.<\/p>\n\n\n\n<p>L&rsquo;ESA a \u00e9t\u00e9 fond\u00e9e en 1980 en tant qu&rsquo;organisation \u00e0 but non lucratif afin de servir de coordination des associations nationales Suzuki (dont l\u2019AFPS) en Europe, au Moyen-Orient et en Afrique.\u00a0 Son objectif principal est de promouvoir l&rsquo;approche du Dr. Shinichi Suzuki en mati\u00e8re d&rsquo;\u00e9ducation en proposant un programme de formation des enseignants Suzuki qui maintient la qualit\u00e9 de l&rsquo;enseignement Suzuki dans toute la r\u00e9gion.<\/p>\n\n\n\n<figure class=\"wp-block-image size-large\"><img fetchpriority=\"high\" decoding=\"async\" width=\"1024\" height=\"479\" src=\"http:\/\/musiquesuzuki-lyon-est.fr\/wp-content\/uploads\/2021\/08\/Capture-de\u0301cran-2021-08-19-a\u0300-15.08.23-1024x479.png\" alt=\"\" class=\"wp-image-940\" srcset=\"https:\/\/musiquesuzuki-lyon-est.fr\/wp-content\/uploads\/2021\/08\/Capture-de\u0301cran-2021-08-19-a\u0300-15.08.23-1024x479.png 1024w, https:\/\/musiquesuzuki-lyon-est.fr\/wp-content\/uploads\/2021\/08\/Capture-de\u0301cran-2021-08-19-a\u0300-15.08.23-300x140.png 300w, https:\/\/musiquesuzuki-lyon-est.fr\/wp-content\/uploads\/2021\/08\/Capture-de\u0301cran-2021-08-19-a\u0300-15.08.23-768x359.png 768w, https:\/\/musiquesuzuki-lyon-est.fr\/wp-content\/uploads\/2021\/08\/Capture-de\u0301cran-2021-08-19-a\u0300-15.08.23-830x388.png 830w, https:\/\/musiquesuzuki-lyon-est.fr\/wp-content\/uploads\/2021\/08\/Capture-de\u0301cran-2021-08-19-a\u0300-15.08.23-230x108.png 230w, https:\/\/musiquesuzuki-lyon-est.fr\/wp-content\/uploads\/2021\/08\/Capture-de\u0301cran-2021-08-19-a\u0300-15.08.23-350x164.png 350w, https:\/\/musiquesuzuki-lyon-est.fr\/wp-content\/uploads\/2021\/08\/Capture-de\u0301cran-2021-08-19-a\u0300-15.08.23-480x225.png 480w, https:\/\/musiquesuzuki-lyon-est.fr\/wp-content\/uploads\/2021\/08\/Capture-de\u0301cran-2021-08-19-a\u0300-15.08.23.png 1338w\" sizes=\"(max-width: 1024px) 100vw, 1024px\" \/><\/figure>\n","protected":false},"excerpt":{"rendered":"<p>Le r\u00e9seau de la p\u00e9dagogie Suzuki\u00a0 Lorsque vous choisissez pour votre enfant la p\u00e9dagogie Suzuki, vous faites partie d\u2019un grand mouvement mondial. [&hellip;]<\/p>\n","protected":false},"author":1,"featured_media":0,"parent":0,"menu_order":0,"comment_status":"closed","ping_status":"closed","template":"elementor_header_footer","meta":{"footnotes":""},"class_list":["post-693","page","type-page","status-publish","hentry"],"aioseo_notices":[],"_links":{"self":[{"href":"https:\/\/musiquesuzuki-lyon-est.fr\/index.php\/wp-json\/wp\/v2\/pages\/693","targetHints":{"allow":["GET"]}}],"collection":[{"href":"https:\/\/musiquesuzuki-lyon-est.fr\/index.php\/wp-json\/wp\/v2\/pages"}],"about":[{"href":"https:\/\/musiquesuzuki-lyon-est.fr\/index.php\/wp-json\/wp\/v2\/types\/page"}],"author":[{"embeddable":true,"href":"https:\/\/musiquesuzuki-lyon-est.fr\/index.php\/wp-json\/wp\/v2\/users\/1"}],"replies":[{"embeddable":true,"href":"https:\/\/musiquesuzuki-lyon-est.fr\/index.php\/wp-json\/wp\/v2\/comments?post=693"}],"version-history":[{"count":2,"href":"https:\/\/musiquesuzuki-lyon-est.fr\/index.php\/wp-json\/wp\/v2\/pages\/693\/revisions"}],"predecessor-version":[{"id":941,"href":"https:\/\/musiquesuzuki-lyon-est.fr\/index.php\/wp-json\/wp\/v2\/pages\/693\/revisions\/941"}],"wp:attachment":[{"href":"https:\/\/musiquesuzuki-lyon-est.fr\/index.php\/wp-json\/wp\/v2\/media?parent=693"}],"curies":[{"name":"wp","href":"https:\/\/api.w.org\/{rel}","templated":true}]}}